t of a?
2
Suppose g - 3 = 0, 151 + 23 = 3*u - g. What is the units digit of u?
9
Suppose 2*c - c - 3 = 0. Suppose 3*v + 49 = o, 0 = -c*o + v + 4*v + 127. What is the tens digit of o?
3
Suppose 4*d - 2*m + 6*m - 548 = 0, -m - 133 = -d. What is the units digit of d?
5
Let b be 2/(-5) - (-62)/5. What is the tens digit of 2/b - 166/(-12)?
1
Let v(n) = 2*n**2 + 2*n - 6. Let g be v(-3). Let i = g + 47. What is the units digit of i?
3
Suppose 7 + 18 = 5*r. Suppose 0*s = -r*s + 20. Suppose -3*q = -4 - 5, 2*i - 2*q = s. What is the units digit of i?
5
Suppose -6*a + 388 = -1754. What is the units digit of a?
7
Suppose -3*p + 7*p + 2*x = 6, -p = -3*x + 9. Suppose p = 9*u - 7*u - 44. What is the tens digit of u?
2
What is the tens digit of -1*1 - ((-420)/3 + 1)?
3
Let v(z) = -15*z + 29. What is the hundreds digit of v(-17)?
2
Suppose -8*q = -3*q + 15. Let d be (-19)/q - (-1)/(-3). What is the units digit of (-29)/(-3) - (-2)/d?
0
Let h(j) = j**3 + 11*j**2 + 2*j + 7. Let d be h(-11). Suppose -61 = -3*w + r, 5*r - 47 = -4*w + 66. Let m = d + w. What is the units digit of m?
7
Let o = -9 - -45. What is the units digit of o?
6
Let n(r) = -5*r**3 + r**2 + 3*r + 41. Let z(l) = 9*l**3 - 2*l**2 - 5*l - 81. Let t(w) = -7*n(w) - 4*z(w). What is the units digit of t(0)?
7
Let l be (45/10)/((-3)/8). What is the units digit of (-3)/l + (-115)/(-4)?
9
What is the hundreds digit of -1*135/(-20)*24?
1
What is the units digit of 30464/(-105)*-1 - 4/30?
0
Let k = -7 - -13. Suppose u + 2*l - 2 = 0, -6*l + 2*l = 3*u - k. Suppose 9 = 5*d + c, -d = -u*c - c - 5. What is the units digit of d?
2
Let v(j) = j**3 - 3*j**2 + 2*j + 1. What is the units digit of v(2)?
1
Suppose 2842 = 15*d + 277. What is the units digit of d?
1
Let i(d) = -8*d + 2. Let k be i(-6). Let m = k + -23. Suppose 0 = 5*v - 4*t - m, v - 6*t = -t + 18. What is the units digit of v?
3
Let h = -21 - -30. Let z = h - 8. What is the units digit of z?
1
Let c be (1/(-2))/((-1)/(-92)). Let w = -29 - c. What is the units digit of w?
7
Let g = -18 - -57. What is the tens digit of g?
3
Let d(b) = b**2 - 8*b + 10. Let g be d(7). What is the units digit of (1 + -2)*(-5 + g)?
2
Let v(f) = 19*f + 3. What is the units digit of v(6)?
7
Let a(x) = -10 - 2*x**3 - 13*x**2 - 5*x**2 + 13*x + 3*x**3 + 6*x**2. What is the tens digit of a(11)?
1
Let a be (-1)/(-4) + 7/4. Suppose -90 = -a*s - 0*s. What is the tens digit of s?
4
Suppose 2*k - 169 = -2*x - k, 2*k - 326 = -4*x. What is the tens digit of x?
8
Let x(f) = -f**3 - f**2 - f + 14. Let o be (-51)/(-12) + 3/(-12). Suppose -o*j = -j. What is the tens digit of x(j)?
1
Let i(q) = -q**3 - 6*q**2 - 5 + 4*q**2 + q + 2. What is the units digit of i(-3)?
3
Let o = 202 - 101. What is the tens digit of o?
0
Let j(o) = -o**2 + 5*o - 4. Suppose 5*q = -4*g - 8, -2*g - 10 = 4*q - 0*q. Let d be j(g). Suppose d = 5*a - 3. What is the units digit of a?
1
What is the units digit of 21/5 + 2/(-10)?
4
Let k = 26 - 20. What is the units digit of ((-3)/2)/(k/(-12))?
3
Let g(w) = -w**3 - 20*w**2 - 24*w - 10. What is the tens digit of g(-19)?
8
Let h(u) = 6*u + 143. What is the tens digit of h(0)?
4
Let k(c) = c - 4. Let w be k(9). Let v(z) = z**2 - 7*z. Let q be v(w). Let d = -1 - q. What is the units digit of d?
9
Let k(m) = -6*m. Let q be k(-1). Let z = q + -10. Let y = z + 6. What is the units digit of y?
2
Let q(t) = -t - 3. Let p(w) = w**3 - 3*w**2 - 7*w + 6. Let o be 1/(-2) + (-18)/(-4). Let k be p(o). What is the units digit of q(k)?
3
Suppose -860 = -3*f - 2*f. Suppose -3*w + 131 = w + 5*c, -2*c - f = -5*w. What is the units digit of w?
4
Suppose -5*o + 10 = 0, -3*p - o = -2*o - 73. What is the units digit of p?
5
Suppose 0 = -5*p - 5*z, p - 6 = 4*z + 4. Suppose p*f - 3*t + 0 - 7 = 0, -3*f = t - 5. What is the units digit of f?
2
Let z = 139 - 17. What is the units digit of z?
2
Let i be (4/(-5))/(16/(-40)). Suppose -i*s = -3*k - 54, 3*s = -2*k - k + 51. What is the tens digit of s?
2
What is the units digit of 2/(-3) - (5504/(-6))/8?
4
Let x(g) = -g**3 - g**2 + 1. Let i(f) = f - 5. Let l be i(3). What is the units digit of x(l)?
5
Suppose -3*v + 12 = -0*v. Suppose 2*l - 146 = -v*s + 4*l, 0 = -s - 4*l + 23. Suppose 10*m - s = 5*m. What is the units digit of m?
7
Suppose 0 = -3*u + u - 8, 3*u + 15 = v. Suppose v*t - 3 = -9. What is the units digit of (5/t)/(3/(-12))?
0
Suppose -7 = -2*y + 5. Let m = -3 + y. What is the units digit of m?
3
Suppose -3*o = -5*o + 302. What is the tens digit of o?
5
Let w(t) = 3*t - 5. Let s be w(5). Suppose s - 35 = -q. What is the tens digit of q?
2
Suppose 7*m = 8*m - 98. What is the tens digit of m?
9
Suppose -2*z + 161 = s, -4*s = -2*z - 8*s + 170. What is the tens digit of z?
7
Suppose 9*b - 156 = 7*b. What is the tens digit of b?
7
Let n = -10 + 4. Let i be (-8)/28 + 54/(-7). Let s = n - i. What is the units digit of s?
2
Let y(h) = 2*h**2 + 8*h + 5. Let f = -14 + 9. What is the tens digit of y(f)?
1
Let m be 6/12 - 31/2. Let x be (9/m + 1)*5. Suppose 26 = 2*j + x*j + y, 2*j - 2 = 5*y. What is the units digit of j?
6
Let v = 21 + -16. Suppose 5*t - v + 2 = -4*z, 2*z = 5*t - 21. What is the units digit of t?
3
Let x = -8 - -11. Let n(f) = 0 - 3 - 1 + x*f. What is the units digit of n(3)?
5
Let l(t) = 2*t**2 - t - 1. Let a be l(2). Let v be -6 + 0/(2 - a). What is the units digit of 1/3 + (-52)/v?
9
Let n(x) be the second derivative of -1/6*x**3 + 0*x**4 - 1/2*x**2 - 3/20*x**5 - x + 0. What is the units digit of n(-1)?
3
Suppose 80*y + 64 = 82*y. What is the units digit of y?
2
Let v(w) = w**3 + 9*w**2 + 2*w + 6. Let q(z) = z**3 - 7*z**2 + 5*z - 3. Let r be q(6). Let i be v(r). What is the units digit of (12/(-10))/(i/80)?
8
Let n(k) = -k**3 + 54. What is the units digit of n(0)?
4
Let k = -11 + 18. Suppose -140 = -k*c + 2*c. What is the units digit of c?
8
Let c be 24/16 + 10/4. Suppose n - c*n + 24 = 0. What is the units digit of n?
8
Suppose -5*h = 4*q + 6 + 7, 5*q + 4*h = -5. Suppose 4*u + q*r - 31 = -0*u, -3*r = 2*u - 17. Let x = u - -11. What is the units digit of x?
8
Let c = 1 - 5. Let f be (3 - -1)/(c/(-18)). Let j = 25 - f. What is the units digit of j?
7
Let x(j) = j**2 + 13*j + 10. What is the tens digit of x(-13)?
1
Suppose 2*w - 3*a + 4*a = 11, 3*w - 2*a - 20 = 0. Let h = 9 - w. Suppose -11 = -h*g + 16. What is the units digit of g?
9
What is the units digit of 1 - 0 - (4 + -7)?
4
Suppose -4*n - s = -14 - 10, -4*n = -3*s - 8. Let f = n - 6. Let v = 5 + f. What is the units digit of v?
4
Suppose 5*g - 69 = -4*s, 20 = -5*s - 0. What is the units digit of g?
7
Let z = 4 - -32. Suppose h = -3*h + z. What is the units digit of h?
9
Let c(l) = l**3 - 3*l**2 + l + 3. What is the units digit of c(3)?
6
Let j(b) = 27*b - 32. What is the tens digit of j(5)?
0
What is the units digit of 54/(-21)*(-28)/6?
2
What is the hundreds digit of 221 - 165/(-22)*(-4)/10?
2
Let o = 448 + -244. What is the tens digit of o?
0
Suppose 4*m - 704 - 328 = 0. What is the units digit of m?
8
Let k be (-12)/16 + (-614)/(-8). Suppose 21*c = 25*c - k. What is the tens digit of c?
1
Let f(i) = 7*i**3 - 12*i**2 - 5*i - 8. Let u(m) = -m**3 - m + 1. Let b(x) = f(x) + 6*u(x). What is the tens digit of b(13)?
2
Suppose 2*v - 2*a = -2, -a = -5*v - 0 - 1. Suppose v = 3*i - 7*i + 20. Suppose -57 = -5*p + 4*y, -i + 37 = 2*p + 3*y. What is the units digit of p?
3
Suppose 5*m - 4*d = 996, 2 = d + 1. Suppose -6*y + y + m = 0. Suppose y = 5*h - 40. What is the tens digit of h?
1
Suppose -4*i + 10 = 2*n, -2*i + 0*n + 7 = -n. What is the units digit of i?
3
What is the units digit of (-3)/(-1) + -3 + 12?
2
What is the tens digit of 89 + -2 + 1 + -1?
8
Let g = -22 - -15. Let t(p) = -7*p**2 - 3*p - 8. Let y(h) = 13*h**2 + 7*h + 16. Let l(w) = -11*t(w) - 6*y(w). What is the units digit of l(g)?
6
Let n(w) = w**3 - 4*w**2 + 3*w + 4. Let q be 1/((8/6)/4). Let c be n(q). Suppose r - 4*o - 9 = 5, -c*o + 42 = 3*r. What is the tens digit of r?
1
Suppose 234 = 4*w + 50. What is the units digit of w?
6
Let n = -77 - -128. What is the units digit of n?
1
Let y(x) = x**3 - 2*x**2 - 3*x + 3. Let l be y(3). Suppose l*t - 73 = 7*s - 3*s, t - 41 = -2*s. What is the tens digit of t?
3
Suppose -4*k + 230 = k. What is the tens digit of k?
4
Let n(v) = -v**3 + 11*v**2 - 5*v - 1. What is the tens digit of n(10